
66
Suppose 0 = 2*j + a - 475, 3*j + 174*a = 175*a + 705. Calculate the remainder when 718 is divided by j.
10
Suppose 28 = 2*j - j. Let k(w) = 17*w - 242. Let i be k(14). Calculate the remainder when (-270)/i*(-25)/((-1125)/54) is divided by j.
25
Let b = 37 + -32. Suppose b*j - 46 = 164. Let y = -27 + j. Calculate the remainder when 44 is divided by y.
14
Suppose -3*j + 102 - 27 = 0. Suppose 5*r + j = 0, 3*b - r - 61 = r. Let u = 2 - -2. Calculate the remainder when b is divided by u.
1
Suppose 0 = 3*k - 75 + 165. What is the remainder when k*(-7)/((-315)/(-414)) is divided by 70?
66
Suppose 2 = m - 6. Let y(r) = -29*r**2 + 12*r - 11. Let z be y(m). Calculate the remainder when 1/(-4) - z/44 is divided by 14.
12
Let z(d) = -d**2 - 7*d + 21. Calculate the remainder when 170 is divided by z(-5).
15
Let k = -359 - -390. Let f(z) = 2*z + 48. Let o be f(-23). Suppose 92 = -q + o*q. What is the remainder when q is divided by k?
30
Suppose -83*x = -17672 - 11034 - 10553. Calculate the remainder when x is divided by 13.
5
What is the remainder when (-3 - -2)/(3720/34452 + 3/(-27)) is divided by 13?
7
Let v(s) = -144*s + 1. Let g(i) = -142*i + 1. Let j(w) = 3*g(w) - 2*v(w). What is the remainder when j(-1) is divided by 29?
23
Let s = -14 + 19. Suppose -80 = -s*q - f, -3*f + 10 = q - 6. Calculate the remainder when 76 is divided by q.
12
Let m(b) = -174*b - 1857. Calculate the remainder when m(-12) is divided by 3.
0
Let y = 21 - 13. Let f(s) = 7*s**2 + 15 + 12*s - s**3 - 15 - 16. Calculate the remainder when 45 is divided by f(y).
13
Suppose 0 = -8752*f + 8748*f - 168. Let d(u) = 45*u**2 + 2*u - 1. Let i be d(1). Let x = f + i. What is the remainder when x is divided by 1?
0
Let q = -189 + 199. Suppose 14*f - 156 = q*f. What is the remainder when f is divided by 21?
18
Let r(s) = s + 63. What is the remainder when r(-7) is divided by 25?
6
Let r be (1 - 1 - -4)/(2/5). What is the remainder when 62 is divided by (92/r - 9) + 128/10?
10
Let z(o) = 2*o**2 + 36*o - 25. What is the remainder when 245 is divided by z(-19)?
11
Let b(k) = k**2 - 3*k + 21. Let w be b(7). Let n = 9 + w. Suppose 0*h + 2*h - 5*d - 38 = 0, d + n = 4*h. Calculate the remainder when 41 is divided by h.
13
What is the remainder when -34 - -10 - -10 - -3433 is divided by 11?
9
Let p(s) = 44*s + 2. Let d be p(-2). Let c = d + 176. Calculate the remainder when c is divided by 19.
14
Suppose 3*y - 460 = -169. Let u = 267900 - 267878. Calculate the remainder when y is divided by u.
9
Let a = -22910 + 22939. Calculate the remainder when 4895 is divided by a.
23
Let o(f) = f**3 + 2*f**2 - 1. Let r be o(-2). Let j(k) = k**3 + 28*k**2 + 26*k - 6. What is the remainder when j(-27) is divided by 3/(r + -2)*-10?
1
Let q = -11222 + 11357. What is the remainder when 189 is divided by q?
54
Suppose -44*u + 1925 = -37*u. Let m = -96 + u. What is the remainder when m is divided by 30?
29
Calculate the remainder when 403 is divided by 93 + -187 + 98 + 1*85*1.
47
Suppose -13*i + 5*i + 1742 = 58*i + i. Suppose 3*g + 10 = u, 2*g - 5*u + 10 = -14. Calculate the remainder when 101/g*(-4)/2 is divided by i.
23
Let b be (-18)/171 + 2/19. Suppose 86*i - 74*i - 4392 = b. Calculate the remainder when i is divided by 93.
87
Suppose -b - 11 = -15. Suppose 50 = b*o - 2*w, -o + 3*w - 21 = -3*o. What is the remainder when 43 is divided by o?
7
Let b be (-140)/(-21) - (-4)/3. Suppose 21*u + b = 22*u. Calculate the remainder when 1 - (-3*10 - -1) is divided by u.
6
Suppose -5 = -o - 4*i, -o + 2*i - i = 0. Let d be ((-2)/2)/(o/(-79)). Suppose 0 = 4*t + 3 - d. What is the remainder when 74 is divided by t?
17
Let w = 149 + -494. Let x = 433 + w. Calculate the remainder when x is divided by 15.
13
Suppose -h + 5 + 23 = 0. Calculate the remainder when 5628/54 - 22/99 is divided by h.
20
Suppose -3*i = f - 235, 10*i + 3*f + 387 = 15*i. Calculate the remainder when 270 is divided by i.
36
Calculate the remainder when 90 is divided by 65040/3120 - (-2)/13.
6
Let b(p) = -3*p**3 + 18*p**2 + 127*p - 728. What is the remainder when 1796 is divided by b(6)?
28
Suppose -d = -2*m - 6, -5*d - m - 1223 = -1352. Calculate the remainder when 218 is divided by d.
2
Suppose -901 = 8*w + 379. Let s = 268 + w. Let a = -64 + 92. What is the remainder when s is divided by a?
24
Suppose 0 = 48*y - 23576 - 1144. What is the remainder when y is divided by 116?
51
Suppose -197 = -4*o - 57. Let s be ((-18)/36)/(0 - (-2)/(-20)). Suppose -3*c + o = -w, 0 = -c - 3*w + s. Calculate the remainder when 29 is divided by c.
7
Calculate the remainder when ((3945510/(-20))/(-27))/(3/24*4) is divided by 36.
33
Suppose 0 = 4*w - l - 1129 - 2032, 4*w - 2*l = 3162. Suppose 0 = -2273*y + 2275*y - w. What is the remainder when y is divided by 11?
10
Suppose -17*b + 2*m = -20*b + 511, 2*b - 334 = -3*m. What is the remainder when b is divided by 8?
5
Let o(m) = -18*m**2 - 5*m + 31. Let b be o(8). Let y = -571 - b. What is the remainder when y is divided by 16?
14
Let c(z) = z**3 - 30*z**2 - 56*z - 227. What is the remainder when 808 is divided by c(32)?
25
Let l(m) = -3*m**3 - 8*m**2 - 4*m + 2. Let g be l(-3). Let f be 2 + (0 - (-4)/2). Calculate the remainder when (20/f)/(1*1/g) is divided by 30.
25
Let y = -174 + 367. What is the remainder when y is divided by 147/6 + (-1547)/(-442)?
25
Suppose 19 = -l + 97. Suppose 0 = 2*g + 8 - l. Let y(n) = -13*n - 59. Calculate the remainder when g is divided by y(-6).
16
Let z = -17 - -128. Suppose -216 = -0*o - 3*o + 3*c, 5*o + c = 378. Let i = z - o. Calculate the remainder when 68 is divided by i.
32
Let k(j) = 16*j**3 - 25*j**2 - 34*j + 2. Let l(n) = 3*n**3 - 5*n**2 - 7*n + 1. Let s(c) = 2*k(c) - 11*l(c). Calculate the remainder when s(5) is divided by 23.
15
Let w(a) = -a**3 - 11*a**2 - 3*a - 6. Suppose -920*d - 44 = -931*d. What is the remainder when w(-11) is divided by d?
3
Suppose -3*w = 2*i + i - 123, -w + 3*i + 37 = 0. Let f be (0 - w)/((-15)/60). Suppose 29*x = 34*x - f. What is the remainder when x is divided by 9?
5
Let z(y) = 2*y**2 + 27*y + 51. Let f be z(-14). Let w = 141 - f. What is the remainder when w is divided by 6?
4
Suppose 3*x = -5*s + 14, -125*x = -128*x + 11*s + 94. Suppose -3*m = 2 - 11. Calculate the remainder when x is divided by m.
1
Let u = 1487 - 1278. Calculate the remainder when u is divided by 110.
99
Suppose -4*t - 232 = -4*w, 4*w + 467*t - 225 = 472*t. Let y(f) = f**2 + f + 35. What is the remainder when w is divided by y(0)?
30
Let h = 26188 + -25116. What is the remainder when h is divided by 265?
12
Suppose -12*s + 449 = 77. Let z(k) = 37*k**2 + 18*k + 48 + s*k**2 - 67*k**2. Calculate the remainder when z(-19) is divided by 17.
16
Let m(h) = h**2 - 103*h - 757. Calculate the remainder when 16 is divided by m(-7).
3
Let t(j) = -j**2 - 7*j + 7. Let c be t(-7). Let f(u) = 6*u + 1. What is the remainder when (2 - -117)*12/(336/20) is divided by f(c)?
42
Let i(s) = -1187*s + 13489. Calculate the remainder when i(9) is divided by 2798.
8
Suppose n - 102 = -2*f, 0*n = 4*n. Let w = f + -40. Let m = 2 - 0. Calculate the remainder when w is divided by m.
1
Suppose 0 = 27*n - 23*n - 48. Suppose 0 = n*g - 268 - 56. Calculate the remainder when g is divided by 14.
13
Suppose -776 = -4*t - 4*r, 0 = -42*r + 40*r + 10. Calculate the remainder when t is divided by 125.
64
Suppose -1059*b = -905*b - 139524. Calculate the remainder when b is divided by 70.
66
Let g be 9/11 - (-98)/539. What is the remainder when (4/g)/(36/1818) is divided by 34?
32
Let v be 1*27 + (-15 - -16). Calculate the remainder when 127 is divided by v - (-11)/((-11)/6).
17
Calculate the remainder when 302 is divided by 16/((-320)/(-330)) - 1/2.
14
Let v(m) = 11*m**2 - 1. Let h be v(1). Suppose -210 = -h*x - 0*x. Suppose x*f - 72 = 17*f. What is the remainder when 33 is divided by f?
15
Suppose 3*n - 8*n = -255. Suppose 5204 = 49*p + 451. Calculate the remainder when p is divided by n.
46
Suppose 3467 = 39*w + 2297. Let d(o) = 5*o**2 + 6*o. What is the remainder when d(-4) is divided by w?
26
Suppose 181*i - 82*i = 129*i - 90. What is the remainder when 55 + ((-4)/(-2) - 2) is divided by i?
1
Let g(m) = 2*m + 3. Let u(z) = -z**2 - z + 48. What is the remainder when u(0) is divided by g(7)?
14
Let u(j) = 1 + 0 + 8*j - 5 + 